s divided by w?
11
Let g(s) = s**2 - s + 7. Suppose -42 = -10*u - 12. What is the remainder when g(0) is divided by u?
1
Let o(f) = f**2 - 4*f - 7. Let u be o(5). Let j = 8 + -2. What is the remainder when 1*u/(-2) - -16 is divided by j?
5
Suppose -4*k - 2*j + 401 - 37 = 0, 4*j + 429 = 5*k. Calculate the remainder when k is divided by 45.
44
Suppose 0*f - 245 = f. Let q = -150 - f. Suppose 2*h + 3*h = q. Calculate the remainder when h is divided by 10.
9
Suppose -18*z + 10*z + 88 = 0. Suppose -2*d + 154 = 5*j + 2*d, -5*j + 148 = -2*d. Calculate the remainder when j is divided by z.
8
Let m = 29 + 7. Calculate the remainder when m is divided by 11.
3
Let b(q) = q**3 - 10*q**2 + 10*q + 3. Let y = 12 - 3. What is the remainder when 33 is divided by b(y)?
9
Let s(n) = -n**2 + 6*n + 7. Let f be (1/(-1))/((-4)/24). Suppose 2 + 38 = 2*i. What is the remainder when i is divided by s(f)?
6
Let k = -10 + 13. Suppose 0 = -k*v + 3 - 0. Calculate the remainder when 2 is divided by v.
0
Let f(y) = -2*y**3 + 1. Calculate the remainder when f(-2) is divided by 4.
1
Let x(u) = -u**3 + 14*u**2 - 10*u + 12. Calculate the remainder when x(13) is divided by 13.
12
Calculate the remainder when (111/(-185))/(1/(-230)) is divided by 35.
33
Suppose 0 = -0*u - 5*u + 125. Suppose 11 - 1 = 5*o - 4*t, 5*o - t - u = 0. Let j = 33 - o. What is the remainder when j is divided by 14?
13
Let k = -72 - -131. What is the remainder when k is divided by 16?
11
What is the remainder when 183*1/3 + 3 is divided by 13?
12
Let t be 20/(-2) + 4 + -2. Let b = t + 4. What is the remainder when 9 is divided by (b/(-6))/((-2)/(-9))?
0
Suppose -4*l = 3 + 13. What is the remainder when 33 is divided by (-46)/l - 7/(-14)?
9
Let t be 5/(45/174)*-3. Calculate the remainder when (t/(-8))/(5/20) is divided by 10.
9
Let p = -6 - -3. Calculate the remainder when 7 is divided by (p - 0) + 14/2.
3
Let n(g) = -g**3 - g**2 + 26. Let y = 5 + -1. Let f = y + -4. What is the remainder when n(f) is divided by 14?
12
Suppose -4*u + u = -24. Let k = -3 + u. Suppose -h = -k*v + 12, 4*h - 9 = -4*v + 5*v. Calculate the remainder when 5 is divided by v.
2
Let r(h) = 2*h**2 - h + 2. Suppose -3*s + 7 = -4*i + 2*i, -2*i = -s + 5. Calculate the remainder when r(5) is divided by (2 - 10)*i*1.
15
What is the remainder when 54 is divided by 10 + 10/(0 + -5)?
6
Let w(a) = a**2 - 4*a + 4. What is the remainder when (-8)/(-36) - (-88)/9 is divided by w(4)?
2
Let m = 6 + -4. Suppose -3*o = -m*s + 7 - 30, 4*o - 5*s - 33 = 0. What is the remainder when 27 is divided by o?
6
Let w = 1 - 3. Calculate the remainder when 41 is divided by 12 - (-1 - w) - 0.
8
Let u(a) = -18*a + 3. What is the remainder when u(-2) is divided by 10?
9
Suppose 2*v = -5*q + 175 - 59, q + 3*v = 18. What is the remainder when q is divided by 13?
11
Let b = -23 + 23. Suppose b = -5*x - 50 + 195. What is the remainder when 57 is divided by x?
28
Suppose 0 = -6*q + 3*q + 6. Let m be (-2 + q)/(4/(-2)). Suppose -5*d + d + 2*c = -62, m = -d + 3*c + 23. Calculate the remainder when 40 is divided by d.
12
Let l(o) = o**2 - 6*o + 13. Calculate the remainder when l(11) is divided by 23.
22
Let v(t) = t**2 + 3*t - 2. Let i(q) = q - 1. Let p be i(3). Let c be v(p). Suppose 0 = r - 0*r - c. What is the remainder when r is divided by 3?
2
Let b = 37 - 34. Calculate the remainder when 7 is divided by b.
1
Suppose -5*y + z + 21 = -20, -y + z + 5 = 0. Calculate the remainder when 17 is divided by y.
8
Suppose 3*z + y = 37, 4*z + 4*y - 3*y - 49 = 0. What is the remainder when 34 is divided by z?
10
Suppose -33*a + 36*a - 39 = 0. What is the remainder when a is divided by (-1)/(-2 - 26/(-14))?
6
Let i(k) = 2*k**2 - 3*k - 2. Calculate the remainder when 41 is divided by i(-2).
5
Suppose -3*s = s - 144. Suppose 0 = 2*h - 8 - s. Calculate the remainder when h is divided by 12.
10
Let n(k) = -k**3 - 2*k**2 + 4*k + 7. Let v be n(-5). Suppose -4*b + 50 = -p, 4*b + p = -4*p + v. Calculate the remainder when 25 is divided by b.
12
Let s(x) = -11*x - 17. What is the remainder when s(-9) is divided by 17?
14
Let j(l) = 6*l**2 - l. Let w be j(3). Suppose -h = 2*h - w. Calculate the remainder when 50 is divided by h.
16
Let h(m) = -7*m**2 + m + 2. Let n(x) = 8*x**2 - 2. Let k(o) = -3*h(o) - 2*n(o). Suppose -3*c = -6*c + 39. Calculate the remainder when k(-2) is divided by c.
11
Suppose 2*y + 53 + 1 = 2*f, 4*f + 4*y - 68 = 0. Let k = f - 4. Suppose 3*r - 2*r - 2*v = 20, -20 = -3*r - 2*v. Calculate the remainder when k is divided by r.
8
Let w = 7 - 5. Suppose -5 = -4*j - 3*n - 0*n, 3*j + w*n - 4 = 0. What is the remainder when j is divided by 2?
0
Suppose -2*c + 4*n + 18 = 0, 3*c - 4*c - 3*n + 34 = 0. Calculate the remainder when 37 is divided by c.
18
Let n = -61 + 102. Let w = 43 + -29. What is the remainder when n is divided by w?
13
Let x(k) = -3*k - 22*k + 0*k. Calculate the remainder when x(-1) is divided by 3/(40/(-52) - -1).
12
Let s = 18 + -4. Let r(z) = -2*z**3 + 2*z**2 + 2*z - 2. Let w be r(2). What is the remainder when (-160)/w*6/4 is divided by s?
12
Let m be (15/(-10))/(6/(-8)). Suppose 3 = -m*r + r. What is the remainder when 13 is divided by r/(5/(105/(-9)))?
6
Let b be (-1 - (-2 + 1)) + 3. Suppose 3*o - 4*j - 25 - 15 = 0, b*j - 38 = -2*o. Let m(d) = 3*d + 9. What is the remainder when m(7) is divided by o?
14
Let z be ((-16)/6)/((-8)/36). What is the remainder when 14 is divided by ((-16)/z)/4*-27?
5
Suppose 5*x + 3*i = -55, 22 = -x - 3*x + 2*i. Let u = x - -17. What is the remainder when u is divided by 5?
4
Suppose v - 4 = 7. Suppose -3*i + 17 = -2*i + 4*w, 2*i - 37 = -5*w. What is the remainder when i is divided by v?
10
Let a be (2 + (-20)/8)*-2. Suppose 0 = 3*q - 2*i - 31, i = q - 2*i - a. Suppose -3*d - 44 = -197. Calculate the remainder when d is divided by q.
12
Suppose -5*k - 585 = -18*k. What is the remainder when 88 is divided by k?
43
Let s(u) be the first derivative of 5*u**2/2 - 5*u - 7. What is the remainder when s(8) is divided by 9?
8
Suppose 3*k = 14 - 2, -4*p + 5*k = -148. What is the remainder when p is divided by 22?
20
Suppose -3*k - 2*a - 13 = 0, 3*k - 13 = 2*a - 6. Let m(z) = -z**2 - 8*z + 8. Calculate the remainder when m(-6) is divided by -2 - (-11 + k + -1).
9
Let d be (-1)/((1 - -2)/12). Let r = d - -17. Calculate the remainder when 22 is divided by r.
9
Let u(s) = 8*s**2 - 2*s + 1. Calculate the remainder when ((-12)/10)/3*-30 is divided by u(1).
5
Suppose -17*f = -11*f - 42. Calculate the remainder when f is divided by 5.
2
Let g(d) = -d**3 + 22*d**2 + 26*d + 13. What is the remainder when g(23) is divided by 17?
14
Let k(r) = 2*r - 9. Let l be k(6). Let g(x) = -x**3 - x**2 + 3*x + 4. What is the remainder when g(-4) is divided by -3 + (-42)/(-3) + l?
12
Let n(g) = g**2 + g + 5. Calculate the remainder when 40 is divided by n(-3).
7
Suppose -11*n + 85 = -6*n. Suppose -m = -n - 2. What is the remainder when 36 is divided by m?
17
What is the remainder when 63 is divided by 12/8*160/15?
15
Let n = 8 - -2. Calculate the remainder when 39 is divided by n.
9
Suppose 5*k = -2*d + 90, -2*k + 38 = 2*d - 4. Suppose 2*q + 8 = -0*q. Calculate the remainder when k is divided by 0/q + 9*1.
7
Let u(a) = -a + 9. What is the remainder when u(-11) is divided by 12?
8
Let w = -3 + 5. Let i(h) = -3*h**3 + 3*h**2 - 1. Let y be i(w). Let b = y + 41. What is the remainder when b is divided by 10?
8
Suppose 5*s + 38 = 6*s. What is the remainder when s is divided by 13?
12
Suppose 0 = -4*d + 2 + 10. Let x = 21 - d. Calculate the remainder when x is divided by 10.
8
Let l(j) = j**2 - 1. Let p be l(-1). Suppose p = 4*v + 12, v + v + 84 = 3*c. Suppose -3*u + 4 + c = 0. What is the remainder when 29 is divided by u?
9
Suppose 4*v + 0*v - 244 = 0. Calculate the remainder when v is divided by 32.
29
Let r be (12/1)/((-9)/(-6)). Suppose 0 = 5*i + r + 7. Calculate the remainder when 22 is divided by 12*(0 + -3)/i.
10
Let p(d) = 4*d**2 - 7*d - 1. Suppose -3*c + 0 + 21 = 2*q, 5*q - 25 = -2*c. Calculate the remainder when p(c) is divided by 22.
20
Suppose 2*h + 1 - 10 = -a, -5*h = -4*a + 10. Let w(v) = -v**3 - 3*v**2 - 3*v - 4. Let o be w(-4). Calculate the remainder when a is divided by -5*(2 + o/(-10)).
1
Suppose 29*c - 168 = 23*c. What is the remainder when 52 is